e
Is 31912639573 composite?
False
Is 937652941 composite?
False
Is 10682455793 composite?
True
Is 9032620031 a prime number?
True
Is 932576863 a prime number?
False
Is 3738389 a prime number?
False
Is 636529171 a composite number?
False
Is 2532213917 a prime number?
True
Is 29596249849 prime?
False
Is 20162033579 a composite number?
True
Is 722205377 prime?
True
Is 15896219939 a prime number?
False
Is 41445395107 a prime number?
False
Is 12335595859 a prime number?
True
Is 1211333161 prime?
False
Is 19855498261 a prime number?
False
Is 1464185617 composite?
False
Is 6297182057 a composite number?
True
Is 1296665873 a composite number?
True
Is 677250633 composite?
True
Is 16134300263 a composite number?
False
Is 356960371 a composite number?
False
Is 29184220931 a prime number?
False
Is 50531496581 prime?
True
Is 774181 a prime number?
True
Is 4193069897 composite?
True
Is 16777209899 composite?
True
Is 142201172497 a prime number?
False
Is 1111521611 a prime number?
True
Is 112681806851 a composite number?
False
Is 949457263 prime?
True
Is 6727755349 a prime number?
False
Is 643596323 a composite number?
False
Is 67424985107 a composite number?
False
Is 5536308611 prime?
True
Is 10032995521 a composite number?
False
Is 51478987687 a prime number?
False
Is 882669269 a composite number?
False
Is 31431812207 composite?
False
Is 1167825467 a prime number?
True
Is 1285136803 prime?
True
Is 1392773251 composite?
True
Is 1845725233 prime?
False
Is 6028604177 a prime number?
False
Is 26606784493 a composite number?
False
Is 1509915049 prime?
True
Is 42210960391 composite?
True
Is 1879083991 composite?
False
Is 86910319 a composite number?
True
Is 416054803 prime?
True
Is 5201047511 a prime number?
False
Is 4553869561 prime?
True
Is 13915753361 a composite number?
False
Is 5474202511 a composite number?
False
Is 1896709811 composite?
False
Is 260252233 prime?
True
Is 17439647207 a composite number?
False
Is 15632431181 composite?
True
Is 837448937 a composite number?
True
Is 800254643 prime?
True
Is 6803105039 a composite number?
False
Is 7081839101 a prime number?
False
Is 1925642879 prime?
False
Is 7399483363 a prime number?
True
Is 339368917 a composite number?
True
Is 113929676471 composite?
True
Is 78292505273 composite?
True
Is 32085597913 a prime number?
True
Is 41191820503 a composite number?
False
Is 257752769 prime?
False
Is 641850791 prime?
True
Is 110813590571 composite?
False
Is 124319646089 a composite number?
True
Is 1100674019 a prime number?
True
Is 79638632453 prime?
True
Is 4319343517 a composite number?
True
Is 1705048661 composite?
False
Is 1473354587 prime?
True
Is 226673827 a prime number?
True
Is 4210232366 a composite number?
True
Is 22091478473 prime?
True
Is 1016955439 composite?
False
Is 157333666289 a prime number?
False
Is 7473381103 a prime number?
False
Is 279087031 composite?
False
Is 1888399553 a prime number?
True
Is 846813311 prime?
False
Is 4555976507 prime?
True
Is 3959625253 a prime number?
True
Is 2522607487 a composite number?
True
Is 631570661 a prime number?
True
Is 134188363 a prime number?
False
Is 5497193239 composite?
False
Is 15863490029 composite?
True
Is 12961818283 a prime number?
False
Is 15136815621 a prime number?
False
Is 17521356181 prime?
False
Is 10626441191 prime?
True
Is 3586740631 composite?
True
Is 247853537 composite?
True
Is 2448248641 a composite number?
True
Is 772519217 prime?
False
Is 4285103483 a prime number?
True
Is 50476412419 composite?
False
Is 48443519 a composite number?
False
Is 48847 a prime number?
True
Is 218960369 prime?
True
Is 135884880497 a composite number?
False
Is 3158236415 composite?
True
Is 307522609771 a prime number?
False
Is 205894655 a composite number?
True
Is 33799311911 composite?
True
Is 12365405803 composite?
False
Is 33546790267 prime?
True
Is 146623027 a prime number?
False
Is 31818384797 a prime number?
True
Is 159777600973 composite?
True
Is 3993316033 composite?
True
Is 192569269 prime?
False
Is 46101113059 a prime number?
True
Is 1577507329 composite?
False
Is 482172193 a prime number?
True
Is 4281328333 composite?
True
Is 33633312439 a composite number?
False
Is 3429002531 a prime number?
True
Is 299171867 a prime number?
False
Is 435885587 composite?
False
Is 1584658139 a prime number?
False
Is 22564636433 a composite number?
True
Is 6009571697 a prime number?
True
Is 245532379 composite?
False
Is 34754075017 a prime number?
False
Is 1679901746 a prime number?
False
Is 12178366267 a prime number?
True
Is 136389810939 a composite number?
True
Is 20721082751 a composite number?
True
Is 627643069 a prime number?
False
Is 258958283141 a prime number?
True
Is 2781505997 a prime number?
True
Is 46020830173 a prime number?
True
Is 13892253299 a composite number?
True
Is 1936337059 prime?
True
Is 1484925877 prime?
False
Is 114447167 a prime number?
False
Is 774442759 composite?
False
Is 2318782153 prime?
True
Is 1423642097 a prime number?
True
Is 6705227843 a prime number?
False
Is 144917606329 prime?
True
Is 152310493 a composite number?
True
Is 21841297 a prime number?
True
Is 4461869 composite?
False
Is 166741569949 prime?
True
Is 68306599349 prime?
False
Is 1938855803 composite?
False
Is 4955755193 prime?
True
Is 38202409757 prime?
False
Is 8919358607 a composite number?
False
Is 272836831223 composite?
True
Is 5778564307 prime?
False
Is 507143123 a composite number?
True
Is 12758980151 a prime number?
False
Is 21650641141 a prime number?
True
Is 41800869791 prime?
True
Is 469234559 prime?
True
Is 26520481541 prime?
False
Is 1275211043 prime?
False
Is 3787302469 composite?
False
Is 707450437 a prime number?
True
Is 427029527 prime?
True
Is 19322824771 a composite number?
True
Is 3848127457 a composite number?
False
Is 7225027843 a prime number?
False
Is 703728427 a prime number?
False
Is 13972878343 a prime number?
False
Is 12641429 composite?
False
Is 34659778927 a composite number?
False
Is 7425843083 a composite number?
True
Is 6622050283 a composite number?
True
Is 18126176347 a composite number?
False
Is 3618061467 prime?
False
Is 83204834261 a composite number?
False
Is 68178401 a composite number?
False
Is 306080389 a prime number?
False
Is 129159505378 a prime number?
False
Is 13235811079 prime?
False
Is 179163767 a prime number?
False
Is 3043222957 a composite number?
False
Is 60420485971 a prime number?
True
Is 83595241177 prime?
False
Is 315886957 a composite number?
False
Is 60251127151 a prime number?
False
Is 2024413163 prime?
True
Is 3727225189 composite?
False
Is 252457889 prime?
False
Is 135233877211 a composite number?
True
Is 11022355793 prime?
True
Is 48776416613 a composite number?
False
Is 9999131959 composite?
False
Is 42777179111 a composite number?
True
Is 118645381429 composite?
False
Is 2769181658 a prime number?
False
Is 16752496141 a composite number?
True
Is 6950239669 a prime number?
False
Is 467407079 prime?
True
Is 2918754649 a prime number?
True
Is 7007105587 prime?
False
Is 1372399337 a prime number?
True
Is 164160671 a prime number?
False
Is 90255457 prime?
True
Is 776263001 composite?
True
Is 37615864981 a prime number?
True
Is 34429859957 prime?
True
Is 4550111193 a composite number?
True
Is 4764849413 prime?
True
Is 675014687 a prime number?
False
Is 666447491 composite?
False
Is 382215451 a prime number?
False
Is 392825509 a composite number?
True
Is 224067653 a prime number?
True
Is 1864319777 prime?
False
Is 10442582017 a composite number?
True
Is 10440855961 composite?
False
Is 3971529202 a prime number?
False
Is 6818312377 a composite number?
True
Is 173981099 a prime number?
True
Is 31904885113 a prime number?
True
Is 520372417 a composite number?
True
Is 84299174119 a prime number?
False
Is 3672293 composite?
False
Is 97595797907 prime?
True
Is 73127359 composite?
False
Is 1217382977 composite?
True
Is 7840915589 prime?
False
Is 7972831297 composite?
True
Is 2486575303 a composite number?
False
Is 49807712651 a composite number?
False
Is 3094312883 prime?
False
Is 20527295041 composite?
True
Is 2938896439 a prime number?
True
Is 52830538333 a prime number?
True
Is 14059920661 composite?
True
Is 13398555383 composite?
False
Is 8043176813 a composite number?
True
Is 7958606374 prime?
False
Is 2560656019